 = 179*s**3 + 4*s**2 - 8. What are the prime factors of y(b)?
2, 3, 5
Let t(s) = -s + 3. Let r be t(-1). Suppose -2*z - 4*m = -485 - 399, 1324 = 3*z + r*m. What are the prime factors of z?
2, 5, 11
Let b(t) = 30*t**2 + 228*t - 5. What are the prime factors of b(-18)?
31, 181
Suppose 2*h - 15 = -7. Suppose -3*r - 2*y = -3914, -5*y - 8801 = -h*r - 3590. What are the prime factors of r?
2, 163
Suppose 54*h + 66 = 76*h. Suppose -5*y + 2050 = h*a, -5*a = -y - 3*y - 3429. List the prime factors of a.
5, 137
Let d be 15980/(-18) + 66/(-297). Let b = d + 1347. What are the prime factors of b?
3, 17
Let l be (1 + -7)/3*3/(-6). Suppose -c - l = z, 4*c + 10 = z - 14. Suppose -z*m = -20, 5*m - 215 = -g - 4*g. List the prime factors of g.
2, 19
Suppose -10254 = -2*t - 4*d + 8466, 3*t - 28085 = -d. List the prime factors of t.
2, 31, 151
Suppose 11*y = -7 + 62. Suppose f + 2*n - 24 - 349 = 0, -y*n = f - 370. What are the prime factors of f?
3, 5
Let i(q) = 13*q**3 + 7*q**2 - 44*q + 67. What are the prime factors of i(7)?
4561
Let o(u) = -1668*u + 18. Let a be o(1). List the prime factors of (a/77)/(3/(-70)).
2, 5
Suppose -2*t + 24 = 2*t - 2*i, -i = 4*t - 12. Suppose -t*a - 518 = -5*a. What are the prime factors of a?
2, 7, 37
Let a be (-20)/(-9) - 7/((-315)/(-10)). Suppose -14 = -3*r - i + a*i, 5*r - 30 = 3*i. Suppose 0 = -r*q - 96 + 360. List the prime factors of q.
2, 11
Let a(r) = -r**2 - 3*r + 44. Let d be a(-8). Suppose m - 2996 = -5*v, 262 = -2*v + d*m + 1456. What are the prime factors of v?
599
Let d be (2 + -4 + 44)*77. What are the prime factors of (-4)/6*d/(-49)?
2, 11
Let f = -28 - -20. Let z be 5/15 + f/(-12). List the prime factors of z/2 + 1111/22.
3, 17
List the prime factors of (1306/4)/(9/30)*(0 + 3).
5, 653
What are the prime factors of 8147/2 - 2035/814?
3, 23, 59
Let v be -9 - (-9 - 3) - 2. Let l be ((-2 - -1)/1)/1. What are the prime factors of (-157)/v*l + 0?
157
Suppose -2*s - 3*q + 174 = -0*q, -4*s - 4*q = -340. Suppose -s = -n - 77. Suppose -2 = -4*o - 14, 0 = -n*f - o + 325. What are the prime factors of f?
2, 41
Suppose 25 = -3*n - 17. Let m be n/(-63) - (3894/27 + 0). What are the prime factors of 2 + ((-5)/5 - m)?
5, 29
Let g be -1*1 + (4388/4 - 1). Let p = -540 + g. List the prime factors of p.
3, 5, 37
What are the prime factors of (-22390)/(-4) + 2/(-4)?
29, 193
Suppose i - b - 127 - 1883 = 0, 0 = -5*b - 5. List the prime factors of i.
7, 41
Suppose 40970 = -9*a + 241787. What are the prime factors of a?
53, 421
Let b = -374 + 189. Let u = b + 263. What are the prime factors of u?
2, 3, 13
Suppose 3*j = -3*m - 9, -3*m + 9 = -2*j + 43. What are the prime factors of 3/(-4)*-262*(-6 - m)?
3, 131
Suppose -2*u + 5*h + 5330 = 0, 10684 = 4*u - 2*h - 2*h. Suppose 3564 = 6*w - 2*w - 4*g, -3*w + u = -g. List the prime factors of w.
2, 223
Let t = 159 - 14. Let p = 81 + t. List the prime factors of p.
2, 113
Suppose -i - 1 = -2*i. Let s be -1*(2 - (5 + (7 - 7))). List the prime factors of (i/s)/(-6 + (-2467)/(-411)).
137
Let j be ((-4)/10)/(1/5). Let d(f) be the first derivative of -7*f**4/4 + f**3 + f**2 - 3*f - 303. What are the prime factors of d(j)?
61
Let a = 3227 + 321. List the prime factors of a.
2, 887
Suppose -8*v + 7*v = -1043. Let x = 1857 - v. List the prime factors of x.
2, 11, 37
Suppose -2*q - 5*w - 3066 = -24507, q - 10704 = 3*w. List the prime factors of q.
3, 3571
Let g(w) = w**3 + 3*w**2 - 2*w + 20. Let b be g(0). Suppose -9306 = b*f - 26026. What are the prime factors of f?
2, 11, 19
Let a = 9 - 4. Suppose -5*x = -a*u - 0*u + 40, u - 4*x - 23 = 0. Suppose -5*w + 3*q + 87 = -q, w + u*q - 6 = 0. List the prime factors of w.
3, 5
Let i(v) be the second derivative of v**5/20 + v**4/2 + 4*v**3/3 + v**2/2 + 10*v. Let q be i(-4). Let s(l) = 23*l + 3. What are the prime factors of s(q)?
2, 13
Let z(q) = 19*q**3 - 6*q**2 - 8*q - 2. Let b be z(-4). List the prime factors of (b + (-2 - 5))*-1.
1289
Let c be (-11709)/(-72) + 9/24. Suppose -690 = -3*i - 3*w, 2*i - c = w + 288. List the prime factors of i.
227
Let u = -36 - -69. Let d be -11*(62/(-22) + (-6)/u). Suppose -h + 26 = 4*m - 13, 4*m = h + d. List the prime factors of m.
3
Let p = 27883 + -19750. List the prime factors of p.
3, 2711
Let y = -519 + 1661. List the prime factors of y.
2, 571
Suppose -3*w - 4*a = -4791, -3619 = -6*w + a + 5963. What are the prime factors of w?
1597
Let o = -1674 + 757. Let h = -493 - o. List the prime factors of h.
2, 53
Suppose -12 = 3*u, 4*i - 2*u = -3*u + 352. What are the prime factors of i*((-60)/(-1))/6?
2, 5, 89
Let q(j) = 20*j**3 - 34*j**2 + 67*j - 32. List the prime factors of q(13).
3, 4337
Let d be (-2)/25 - (-3655908)/1350. Let q = d - 1855. What are the prime factors of q?
853
Let z be (182/4 + 2)*(-48)/(-10). Suppose 8*k = 5*k + z. Suppose -5*n + 564 = -k. What are the prime factors of n?
2
Let g = 6033 - 4581. List the prime factors of g.
2, 3, 11
Suppose -5*o - 3*q = -49822, 8*o - 7*o - 9961 = -4*q. What are the prime factors of o?
5, 1993
What are the prime factors of (4/(-16))/((-17)/267308)?
3931
Let a(m) = -4*m**3 - 14*m**2 - 21*m + 14. What are the prime factors of a(-13)?
6709
List the prime factors of ((-3 + 5)*(-3138)/16)/(1/(-28)).
3, 7, 523
Let o = 2715 - 493. Suppose 4*g = -5*s + 2932, 4*s + o = 3*g + 2*s. What are the prime factors of g?
2, 3, 41
Suppose 0*x = x + 3*a - 45026, 0 = 4*a + 4. List the prime factors of x.
37, 1217
List the prime factors of (-198)/891 + (-186110 + -3)*(-3)/27.
3, 61, 113
Let y = 1561 + 61145. What are the prime factors of y?
2, 3, 7, 1493
Suppose -48*h = -36*h - 458088. List the prime factors of h.
2, 19087
Suppose -2*g = 5*b - 37456, 2*b + 5*g - 22485 = -b. List the prime factors of b.
2, 5, 7, 107
Let j(p) = -4*p + 8 - p**2 - 3*p - p + 4*p. Let q be j(-5). Suppose b + 4*b - 104 = -q*o, 0 = 4*b - 4. What are the prime factors of o?
3, 11
Let o(a) be the first derivative of 2*a**3/3 - 17*a**2/2 - 15*a + 17. Let t be o(10). Let y = 20 - t. List the prime factors of y.
5
Suppose -41*k + 3*k = -38. What are the prime factors of ((-189)/(-18))/7*994/k?
3, 7, 71
Let k(r) = -7*r + 37. Let s be k(5). Suppose 3*y + 0*y + 8 = -a, -s*y - 17 = 3*a. Let x(c) = 7*c**2 + 12. List the prime factors of x(a).
11, 17
Let f(z) = z**2 - 14*z + 23. Let w be f(0). Suppose -w*j + 3696 + 17648 = 0. What are the prime factors of j?
2, 29
Suppose 2*a + 5*d - 82473 = 0, 119289 = 4*a + 4*d - 45687. What are the prime factors of a?
13, 19, 167
Let n = 3606 + 5006. List the prime factors of n.
2, 2153
Let m(v) = -v**3 - 6*v**2 - 3*v + 9. Let c be m(-5). Let w be ((c - 1)/(-2))/(6 - 7). What are the prime factors of (-22)/(-11)*(w + 33)?
2
Let u = -113 + 113. Suppose -5*d + 2*m + 14 = -u, 4*d - 4 = 4*m. Suppose -d*t + 0*z = z - 1024, -3*t = -z - 768. List the prime factors of t.
2
Suppose -4*h + 462 + 1498 = 0. Suppose -5*i = 5*v + h, -3*i + 7*i + 2*v + 388 = 0. What are the prime factors of 1/2*i/(-3 - -2)?
2, 3
Let l = -22435 + 55539. What are the prime factors of l?
2, 2069
Let q = 22213 - 15270. List the prime factors of q.
53, 131
Let n = -124 - -136. Suppose n*x = 16*x - 420. List the prime factors of x.
3, 5, 7
Suppose 1280*z - 786401 = 588*z + 615*z. List the prime factors of z.
7, 1459
Suppose 6*h + h - 1092 = 0. Suppose 13*q - q - h = 0. Suppose q - 203 = -2*w. List the prime factors of w.
5, 19
Let y(b) = -2228*b**3 - 3*b**2 - 40*b - 69. What are the prime factors of y(-2)?
3, 13, 457
Let d(s) = 112*s**2 - s - 3. Let p(l) = -338*l**2 + 2*l + 9. Let j(m) = -8*d(m) - 3*p(m). What are the prime factors of j(1)?
3, 13
Suppose -8*x + 70 = -6*x. Suppose 0 = x*w - 41*w + 4014. List the prime factors of w.
3, 223
Let z be ((-28)/(-4))/(-14) - (-2)/4. Suppose 11*t - 766 - 1775 = z. What are the prime factors of t?
3, 7, 11
Suppose -4*t + 2024 = 268. Let w = 541 - 793. Let b = t + w. What are the prime factors of b?
11, 17
Suppose -19*m + 2*j + 41664 = -14*m, 16681 = 2*m - 3*j. List the prime factors of m.
2, 5, 7, 17
Suppose 2155*s = 2136*s + 521968. What are the prime factors of s?
2, 17, 101
Suppose y - 11*n = -9*n + 682, 0 = -5*y + 2*n + 3370. Let t = 811 - y. What are the prime factors of t?
139
Let u(v) = -384*v - 1041. List the prime factors of u(-24).
3, 5, 109
Let p(n) = -5*n + 48. Let i be p(7). Su